{"id":5495,"date":"2024-07-26T14:47:13","date_gmt":"2024-07-26T19:47:13","guid":{"rendered":"https:\/\/restaurandoclasicos.com.mx\/new\/?post_type=product&#038;p=5495"},"modified":"2024-07-26T14:53:07","modified_gmt":"2024-07-26T19:53:07","slug":"moldura-para-defensa-delantera-ford-pick-up-f150-f250-1987-a-1991","status":"publish","type":"product","link":"https:\/\/restaurandoclasicos.com.mx\/new\/producto\/moldura-para-defensa-delantera-ford-pick-up-f150-f250-1987-a-1991\/","title":{"rendered":"MOLDURA PARA DEFENSA DELANTERA FORD PICK UP F150 F250 1987 A 1991"},"content":{"rendered":"<p><strong>PRODUCTO: NUEVO<\/strong><\/p>\n<p><strong>ORIGEN: TW<\/strong><\/p>\n","protected":false},"excerpt":{"rendered":"<h3><strong>Moldura para defensa delantera, nueva y fabricada en pl\u00e1stico de alta calidad. Esta moldura es compatible con los modelos Ford F150 y F250 de los a\u00f1os 1987 a 1991, Esta pieza es de origen Taiwan\u00e9s, garantiza durabilidad y un ajuste perfecto. Mejora la apariencia y protecci\u00f3n de tu veh\u00edculo con esta pieza de repuesto confiable y de f\u00e1cil instalaci\u00f3n.<\/strong><\/h3>\n","protected":false},"featured_media":5496,"comment_status":"open","ping_status":"closed","template":"","meta":{"_joinchat":[]},"product_brand":[],"product_cat":[82,708],"product_tag":[945,1006,1037,1125,194,1124,76,612,709,1043],"class_list":{"0":"post-5495","1":"product","2":"type-product","3":"status-publish","4":"has-post-thumbnail","6":"product_cat-accesorios","7":"product_cat-molduras","8":"product_tag-autopartes","9":"product_tag-camionetas","10":"product_tag-colision","11":"product_tag-defesa","12":"product_tag-f150","13":"product_tag-f250-1987","14":"product_tag-ford","15":"product_tag-foringas","16":"product_tag-molduras","17":"product_tag-refacciones","19":"first","20":"instock","21":"shipping-taxable","22":"purchasable","23":"product-type-simple"},"jetpack_sharing_enabled":true,"_links":{"self":[{"href":"https:\/\/restaurandoclasicos.com.mx\/new\/wp-json\/wp\/v2\/product\/5495","targetHints":{"allow":["GET"]}}],"collection":[{"href":"https:\/\/restaurandoclasicos.com.mx\/new\/wp-json\/wp\/v2\/product"}],"about":[{"href":"https:\/\/restaurandoclasicos.com.mx\/new\/wp-json\/wp\/v2\/types\/product"}],"replies":[{"embeddable":true,"href":"https:\/\/restaurandoclasicos.com.mx\/new\/wp-json\/wp\/v2\/comments?post=5495"}],"wp:featuredmedia":[{"embeddable":true,"href":"https:\/\/restaurandoclasicos.com.mx\/new\/wp-json\/wp\/v2\/media\/5496"}],"wp:attachment":[{"href":"https:\/\/restaurandoclasicos.com.mx\/new\/wp-json\/wp\/v2\/media?parent=5495"}],"wp:term":[{"taxonomy":"product_brand","embeddable":true,"href":"https:\/\/restaurandoclasicos.com.mx\/new\/wp-json\/wp\/v2\/product_brand?post=5495"},{"taxonomy":"product_cat","embeddable":true,"href":"https:\/\/restaurandoclasicos.com.mx\/new\/wp-json\/wp\/v2\/product_cat?post=5495"},{"taxonomy":"product_tag","embeddable":true,"href":"https:\/\/restaurandoclasicos.com.mx\/new\/wp-json\/wp\/v2\/product_tag?post=5495"}],"curies":[{"name":"wp","href":"https:\/\/api.w.org\/{rel}","templated":true}]}}